 4 a factor of 3149809?
False
Does 5356 divide 530806380?
True
Is 3825103576 a multiple of 7198?
True
Is 137247926 a multiple of 61?
True
Is 26834208 a multiple of 336?
False
Is 142 a factor of 7027659592?
False
Is 489 a factor of 234540270?
False
Is 654 a factor of 78348883?
False
Is 74 a factor of 4512002?
True
Is 341 a factor of 650173450?
False
Does 82 divide 5852943405?
False
Is 554226224 a multiple of 620?
False
Does 462 divide 1765480?
False
Does 6 divide 210123304?
False
Is 214 a factor of 20406804?
False
Is 67 a factor of 30026383?
False
Is 14 a factor of 348898004?
True
Does 77 divide 620663890?
True
Is 22 a factor of 231861168?
True
Does 83 divide 518462199?
False
Is 3766 a factor of 321397972?
True
Is 2017627155 a multiple of 1880?
False
Is 103560787 a multiple of 56?
False
Is 102 a factor of 405609630?
True
Is 27190999 a multiple of 121?
True
Is 69 a factor of 214825842?
True
Is 63200380 a multiple of 1090?
True
Is 6327 a factor of 5976231120?
True
Is 1129 a factor of 278453173?
True
Does 193 divide 205574?
False
Is 14 a factor of 17316810?
True
Does 2462 divide 61173314?
True
Is 44 a factor of 3377735?
False
Is 76 a factor of 50712862?
False
Does 1414 divide 239759254?
True
Is 1483 a factor of 52373628?
True
Is 239 a factor of 450276?
True
Is 1121 a factor of 9934302?
True
Is 19242015 a multiple of 5?
True
Is 191 a factor of 646632528?
False
Is 5063289 a multiple of 5?
False
Is 2586251 a multiple of 28?
False
Does 116 divide 1850359268?
True
Is 11593887 a multiple of 29?
False
Is 1297011644 a multiple of 7082?
True
Is 6949488 a multiple of 2064?
True
Is 13 a factor of 330295300?
False
Is 765335937 a multiple of 784?
False
Does 35 divide 30152290?
True
Does 329 divide 5914963?
False
Is 51041177 a multiple of 50?
False
Is 3177174 a multiple of 154?
True
Is 45665425 a multiple of 753?
False
Is 1000986163 a multiple of 17?
True
Is 222157799 a multiple of 354?
False
Does 8 divide 8214607?
False
Is 10 a factor of 578155220?
True
Is 7401620959 a multiple of 40?
False
Is 5195 a factor of 151444640?
True
Does 10 divide 92826640?
True
Does 2 divide 117470011?
False
Is 7307 a factor of 1022943256?
False
Is 59 a factor of 2547645?
False
Is 59 a factor of 1607242600?
True
Does 6 divide 115383571?
False
Is 17994852 a multiple of 52?
False
Does 9 divide 566544357?
True
Is 373571242 a multiple of 7071?
False
Does 66 divide 201629410?
False
Does 14 divide 57876182?
True
Is 49597482 a multiple of 337?
False
Is 398424055 a multiple of 2495?
True
Is 11139576 a multiple of 854?
True
Does 326 divide 26971598?
False
Is 1740 a factor of 23282940?
True
Does 9 divide 949658346?
True
Is 120 a factor of 110614920?
True
Is 12243832 a multiple of 18?
False
Is 217462977 a multiple of 9?
True
Is 1397994 a multiple of 3?
True
Is 27585417 a multiple of 46?
False
Does 132 divide 187667304?
True
Is 236 a factor of 81209016?
True
Is 1943 a factor of 65531561?
True
Does 77 divide 32795609?
True
Is 28405561 a multiple of 25?
False
Does 8 divide 120355728?
True
Does 1928 divide 465299664?
True
Is 62868360 a multiple of 20?
True
Is 1007 a factor of 52094124?
True
Is 43811723 a multiple of 345?
False
Does 7 divide 153672109?
False
Is 2464663460 a multiple of 9907?
True
Is 11480307 a multiple of 11?
False
Does 135 divide 1073461961?
False
Is 412 a factor of 278738701?
False
Is 4065425 a multiple of 352?
False
Is 36 a factor of 16832192?
False
Is 3017212254 a multiple of 5241?
True
Is 179 a factor of 256850940?
False
Does 28 divide 76253505?
False
Does 63 divide 2006478?
False
Is 1253 a factor of 389393557?
True
Is 1215247396 a multiple of 44?
True
Is 4 a factor of 7391495?
False
Is 147 a factor of 31816386?
True
Does 593 divide 1694770280?
True
Is 6761 a factor of 3267148766?
False
Is 73 a factor of 40117659?
False
Does 25 divide 11188167?
False
Is 336 a factor of 10616928?
True
Is 34129759 a multiple of 1148?
False
Is 96898452 a multiple of 84?
True
Is 842474341 a multiple of 2163?
False
Is 1876 a factor of 61853596?
True
Does 2 divide 30901004?
True
Does 69 divide 1729140?
True
Is 46313928 a multiple of 522?
True
Does 687 divide 199483132?
False
Is 66 a factor of 28657729?
False
Is 1737539585 a multiple of 26?
False
Does 11 divide 71893040?
False
Is 168579124 a multiple of 3?
False
Does 64 divide 229715520?
True
Is 245 a factor of 64919365?
True
Does 34 divide 113515936?
True
Does 13 divide 455514709?
True
Does 97 divide 305790819?
False
Is 645008486 a multiple of 194?
False
Is 3866989507 a multiple of 12?
False
Is 2988 a factor of 784777284?
True
Is 262 a factor of 100501744?
False
Does 353 divide 1301344916?
False
Does 6 divide 9672824?
False
Is 98 a factor of 30941658?
False
Is 2020770 a multiple of 22?
False
Is 75258002 a multiple of 39?
False
Does 15 divide 92605064?
False
Is 2608611056 a multiple of 92?
True
Is 225 a factor of 4369050?
True
Is 117463616 a multiple of 32?
True
Is 24 a factor of 14026416?
True
Is 70 a factor of 7281610?
True
Is 214992540 a multiple of 630?
True
Is 4695 a factor of 561371760?
True
Is 81 a factor of 1495828060?
False
Is 8441799 a multiple of 210?
False
Is 23079797 a multiple of 269?
False
Does 4089 divide 62331359?
False
Is 372 a factor of 24212188?
False
Is 160550549 a multiple of 191?
False
Does 19 divide 34102258?
False
Is 4412348500 a multiple of 1687?
True
Is 342435282 a multiple of 147?
False
Is 479967655 a multiple of 8149?
False
Is 599 a factor of 15963350?
True
Is 32370613 a multiple of 10?
False
Does 664 divide 55024352?
True
Is 36 a factor of 10006956?
True
Does 83 divide 17030804?
False
Is 36924038 a multiple of 31?
True
Is 65821386 a multiple of 241?
False
Does 129 divide 39949453?
False
Is 356465320 a multiple of 577?
False
Is 157 a factor of 4591704137?
False
Is 14 a factor of 8976800?
True
Is 11 a factor of 32560627?
True
Does 522 divide 43086936?
False
Is 10 a factor of 117915970?
True
Is 18 a factor of 2544866974?
False
Does 11522 divide 2241432270?
True
Is 1763 a factor of 386687940?
False
Does 849 divide 46732356?
True
Does 2734 divide 128888962?
True
Does 18 divide 222348492?
True
Is 8 a factor of 38072576?
True
Does 131 divide 8764031?
True
Is 25 a factor of 117720375?
True
Is 564621 a multiple of 11?
False
Is 341 a factor of 237821584?
True
Is 79109179 a multiple of 361?
True
Is 42 a factor of 33636662?
False
Does 10 divide 64778691?
False
Is 522313712 a multiple of 7401?
False
Does 5 divide 281697?
False
Does 9431 divide 2878305622?
False
Does 287 divide 606092053?
True
Is 61639430 a multiple of 655?
True
Is 42 a factor of 4174039598?
False
Does 3 divide 529532651?
False
Is 213 a factor of 206932556?
False
Is 218958222 a multiple of 296?
False
Is 16564392 a multiple of 24?
True
Is 67746096 a multiple of 176?
True
Does 426 divide 376650882?
True
Is 20261363 a multiple of 534?
False
Is 88037526 a multiple of 57?
True
Does 8727 divide 3691112387?
False
Is 2648 a factor of 72022952?
True
Is 1472877928 a multiple of 2153?
False
Does 2194 divide 70148060?
False
Does 13 divide 577786248?
True
Is 6 a factor of 70403286?
True
Is 1331089986 a multiple of 22?
False
Is 1107 a factor of 2393186212?
False
Does 3196 divide 231192248?
True
Is 503320300 a multiple of 100?
True
Does 2005 divide 129885905?
True
Is 206 a factor of 699510904?
True
Is 510211980 a multiple of 135?
True
Is 168359345 a multiple of 12215?
True
Does 38 divide 51650132?
True
Is 74 a factor of 79072774?
True
Does 182 divide 71623975?
False
Does 787 divide 149656280?
False
Is 68 a factor of 1018196096?
True
Is 28747830 a multiple of 16?
False
Is 501 a factor of 70699866?
False
Is 3 a factor of 554661?
True
Does 1604 divide 13258932?
False
Does 164 divide 914924753?
False
Is 20 a factor of 93451355?
False
Is 280820224 a multiple of 512?
True
Is 4274 a factor of 27135626?
True
Is 10937652 a multiple of 129?
True
Is 148864035 a multiple of 15?
True
Is 58 a factor of 177442416?
True
Does 1085 divide 83726195?
True
Is 5345098 a multiple of 22?
True
Is 5827015 a multiple of 95?
True
Is 1929 a factor of 12486417?
True
Does 1411 divide 237842393?
True
Is 316 a factor of 10019728?
True
Is 50366648 a multiple of 136?
True
Is 21632348 a multiple of 75?
False
Is 1470 a factor of 70424760?
True
Is 16 a factor of 1381291153?
False
Is 42026127 a multiple of 4038?
Fal